{"id":58,"date":"2021-10-12T21:14:16","date_gmt":"2021-10-12T18:14:16","guid":{"rendered":"https:\/\/venlaaakko.fi\/?page_id=58"},"modified":"2021-11-12T10:10:44","modified_gmt":"2021-11-12T08:10:44","slug":"tiedotteet","status":"publish","type":"page","link":"https:\/\/venlaaakko.fi\/en\/tiedotteet\/","title":{"rendered":"Press releases"},"content":{"rendered":"\r\n<p>Ei uusia tiedotteita t\u00e4ll\u00e4 hetkell\u00e4.<\/p>\r\n\r\n<p>&nbsp;<\/p>\r\n\r\n<p><br \/><a href=\"https:\/\/www.epressi.com\/tiedotteet\/kulttuuri-ja-taide\/palkitun-kaikki-synnit-sarjan-toinen-kausi-tulossa-myos-elokuvateattereihin-22.10.2020.html\" data-type=\"URL\" data-id=\"https:\/\/www.epressi.com\/tiedotteet\/kulttuuri-ja-taide\/palkitun-kaikki-synnit-sarjan-toinen-kausi-tulossa-myos-elokuvateattereihin-22.10.2020.html\">Palkitun Kaikki synnit -sarjan toinen kausi <\/a><a href=\"https:\/\/www.epressi.com\/tiedotteet\/kulttuuri-ja-taide\/palkitun-kaikki-synnit-sarjan-toinen-kausi-tulossa-myos-elokuvateattereihin-22.10.2020.html\" target=\"_blank\" rel=\"noreferrer noopener\" data-type=\"URL\" data-id=\"https:\/\/www.epressi.com\/tiedotteet\/kulttuuri-ja-taide\/palkitun-kaikki-synnit-sarjan-toinen-kausi-tulossa-myos-elokuvateattereihin-22.10.2020.html\">tulossa<\/a><a href=\"https:\/\/www.epressi.com\/tiedotteet\/kulttuuri-ja-taide\/palkitun-kaikki-synnit-sarjan-toinen-kausi-tulossa-myos-elokuvateattereihin-22.10.2020.html\" data-type=\"URL\" data-id=\"https:\/\/www.epressi.com\/tiedotteet\/kulttuuri-ja-taide\/palkitun-kaikki-synnit-sarjan-toinen-kausi-tulossa-myos-elokuvateattereihin-22.10.2020.html\"> my\u00f6s elokuvateattereihin 22.10.2020<\/a><\/p>\r\n\r\n<p>&nbsp;<\/p>\r\n\r\n<p><br \/><a href=\"https:\/\/cdn.nordiskfilmogtvfond.com\/assets\/press\/Nordisk-Film-TV-Fond-Prize-2019-Winners-announced.pdf\" target=\"_blank\" rel=\"noreferrer noopener\" data-type=\"URL\" data-id=\"https:\/\/cdn.nordiskfilmogtvfond.com\/assets\/press\/Nordisk-Film-TV-Fond-Prize-2019-Winners-announced.pdf\">Writers Merja Aakko and Mika Ronkainen win the 2019 Nordisk<\/a> <a href=\"https:\/\/cdn.nordiskfilmogtvfond.com\/assets\/press\/Nordisk-Film-TV-Fond-Prize-2019-Winners-announced.pdf\" target=\"_blank\" rel=\"noreferrer noopener\" data-type=\"URL\" data-id=\"https:\/\/cdn.nordiskfilmogtvfond.com\/assets\/press\/Nordisk-Film-TV-Fond-Prize-2019-Winners-announced.pdf\">Film &amp; TV Fond Prize for ALL THE SINS<\/a><\/p>\r\n\r\n<p>&nbsp;<\/p>\r\n\r\n<p><a href=\"https:\/\/www.epressi.com\/tiedotteet\/telekommunikaatio\/elisa-viihteen-uusi-alkuperaissarja-kaikki-synnit-valittiin-pohjoismaiden-tarkeimman-elokuvafestivaalin-kilpasarjaan-suomen-ehdokkaana.html\" target=\"_blank\" rel=\"noreferrer noopener\" data-type=\"URL\" data-id=\"https:\/\/www.epressi.com\/tiedotteet\/telekommunikaatio\/elisa-viihteen-uusi-alkuperaissarja-kaikki-synnit-valittiin-pohjoismaiden-tarkeimman-elokuvafestivaalin-kilpasarjaan-suomen-ehdokkaana.html\">Elisa Viihteen uusi alkuper\u00e4issarja Kaikki synnit valittiin Pohjoismaiden t\u00e4rkeimm\u00e4n elokuvafestivaalin kilpasarjaan Suomen ehdokkaana <\/a><\/p>\r\n\r\n<p>&nbsp;<\/p>\r\n\r\n<p><br \/><a href=\"http:\/\/mesta.net\/kaikki-synnit-menestyssarja-saa-kolmannen-kauden-kuvaukset-alkavat-heinakuussa\/\" target=\"_blank\" rel=\"noreferrer noopener\" data-type=\"URL\" data-id=\"http:\/\/mesta.net\/kaikki-synnit-menestyssarja-saa-kolmannen-kauden-kuvaukset-alkavat-heinakuussa\/\">Kaikki synnit -menestyssarja saa kolmannen kauden \u2013 kuvaukset alkavat hein\u00e4kuussa Oulun seudulla <\/a><\/p>\r\n\r\n<p>&nbsp;<\/p>\r\n\r\n<p>&nbsp;<\/p>\r\n","protected":false},"excerpt":{"rendered":"<p>Ei uusia tiedotteita t\u00e4ll\u00e4 hetkell\u00e4. &nbsp; Palkitun Kaikki synnit -sarjan toinen kausi tulossa my\u00f6s elokuvateattereihin 22.10.2020 &nbsp; Writers Merja Aakko and Mika Ronkainen win the 2019 Nordisk Film &amp; TV Fond Prize for ALL THE SINS &nbsp; Elisa Viihteen uusi alkuper\u00e4issarja Kaikki synnit valittiin Pohjoismaiden t\u00e4rkeimm\u00e4n elokuvafestivaalin kilpasarjaan Suomen ehdokkaana &nbsp; Kaikki synnit -menestyssarja saa [&hellip;]<\/p>\n","protected":false},"author":2,"featured_media":0,"parent":0,"menu_order":0,"comment_status":"closed","ping_status":"closed","template":"","meta":{"_genesis_hide_title":false,"_genesis_hide_breadcrumbs":false,"_genesis_hide_singular_image":false,"_genesis_hide_footer_widgets":false,"_genesis_custom_body_class":"","_genesis_custom_post_class":"","_genesis_layout":"","footnotes":""},"class_list":{"0":"post-58","1":"page","2":"type-page","3":"status-publish","5":"entry"},"yoast_head":"<!-- This site is optimized with the Yoast SEO plugin v27.5 - https:\/\/yoast.com\/product\/yoast-seo-wordpress\/ -->\n<title>Press releases - Venla Aakko<\/title>\n<meta name=\"robots\" content=\"index, follow, max-snippet:-1, max-image-preview:large, max-video-preview:-1\" \/>\n<link rel=\"canonical\" href=\"https:\/\/venlaaakko.fi\/en\/tiedotteet\/\" \/>\n<meta property=\"og:locale\" content=\"en_US\" \/>\n<meta property=\"og:type\" content=\"article\" \/>\n<meta property=\"og:title\" content=\"Press releases - Venla Aakko\" \/>\n<meta property=\"og:description\" content=\"Ei uusia tiedotteita t\u00e4ll\u00e4 hetkell\u00e4. &nbsp; Palkitun Kaikki synnit -sarjan toinen kausi tulossa my\u00f6s elokuvateattereihin 22.10.2020 &nbsp; Writers Merja Aakko and Mika Ronkainen win the 2019 Nordisk Film &amp; TV Fond Prize for ALL THE SINS &nbsp; Elisa Viihteen uusi alkuper\u00e4issarja Kaikki synnit valittiin Pohjoismaiden t\u00e4rkeimm\u00e4n elokuvafestivaalin kilpasarjaan Suomen ehdokkaana &nbsp; Kaikki synnit -menestyssarja saa [&hellip;]\" \/>\n<meta property=\"og:url\" content=\"https:\/\/venlaaakko.fi\/tiedotteet\/\" \/>\n<meta property=\"og:site_name\" content=\"Venla Aakko\" \/>\n<meta property=\"article:publisher\" content=\"https:\/\/www.facebook.com\/venla.aakko\" \/>\n<meta property=\"article:modified_time\" content=\"2021-11-12T08:10:44+00:00\" \/>\n<meta name=\"twitter:card\" content=\"summary_large_image\" \/>\n<script type=\"application\/ld+json\" class=\"yoast-schema-graph\">{\"@context\":\"https:\\\/\\\/schema.org\",\"@graph\":[{\"@type\":\"WebPage\",\"@id\":\"https:\\\/\\\/venlaaakko.fi\\\/tiedotteet\\\/\",\"url\":\"https:\\\/\\\/venlaaakko.fi\\\/tiedotteet\\\/\",\"name\":\"Press releases - Venla Aakko\",\"isPartOf\":{\"@id\":\"https:\\\/\\\/venlaaakko.fi\\\/#website\"},\"datePublished\":\"2021-10-12T18:14:16+00:00\",\"dateModified\":\"2021-11-12T08:10:44+00:00\",\"breadcrumb\":{\"@id\":\"https:\\\/\\\/venlaaakko.fi\\\/tiedotteet\\\/#breadcrumb\"},\"inLanguage\":\"en-US\",\"potentialAction\":[{\"@type\":\"ReadAction\",\"target\":[\"https:\\\/\\\/venlaaakko.fi\\\/tiedotteet\\\/\"]}]},{\"@type\":\"BreadcrumbList\",\"@id\":\"https:\\\/\\\/venlaaakko.fi\\\/tiedotteet\\\/#breadcrumb\",\"itemListElement\":[{\"@type\":\"ListItem\",\"position\":1,\"name\":\"Etusivu\",\"item\":\"https:\\\/\\\/venlaaakko.fi\\\/\"},{\"@type\":\"ListItem\",\"position\":2,\"name\":\"Tiedotteet\"}]},{\"@type\":\"WebSite\",\"@id\":\"https:\\\/\\\/venlaaakko.fi\\\/#website\",\"url\":\"https:\\\/\\\/venlaaakko.fi\\\/\",\"name\":\"Venla Aakko\",\"description\":\"K\u00e4sikirjoittaja\",\"publisher\":{\"@id\":\"https:\\\/\\\/venlaaakko.fi\\\/#\\\/schema\\\/person\\\/4a4ccc23ac20c2431c074b994c0b464c\"},\"potentialAction\":[{\"@type\":\"SearchAction\",\"target\":{\"@type\":\"EntryPoint\",\"urlTemplate\":\"https:\\\/\\\/venlaaakko.fi\\\/?s={search_term_string}\"},\"query-input\":{\"@type\":\"PropertyValueSpecification\",\"valueRequired\":true,\"valueName\":\"search_term_string\"}}],\"inLanguage\":\"en-US\"},{\"@type\":[\"Person\",\"Organization\"],\"@id\":\"https:\\\/\\\/venlaaakko.fi\\\/#\\\/schema\\\/person\\\/4a4ccc23ac20c2431c074b994c0b464c\",\"name\":\"Venla Aakko\",\"image\":{\"@type\":\"ImageObject\",\"inLanguage\":\"en-US\",\"@id\":\"http:\\\/\\\/venlaaakko.fi\\\/wp-content\\\/uploads\\\/2021\\\/10\\\/venla_aakko1karuselli1600.jpg\",\"url\":\"http:\\\/\\\/venlaaakko.fi\\\/wp-content\\\/uploads\\\/2021\\\/10\\\/venla_aakko1karuselli1600.jpg\",\"contentUrl\":\"http:\\\/\\\/venlaaakko.fi\\\/wp-content\\\/uploads\\\/2021\\\/10\\\/venla_aakko1karuselli1600.jpg\",\"width\":1600,\"height\":900,\"caption\":\"Venla Aakko\"},\"logo\":{\"@id\":\"http:\\\/\\\/venlaaakko.fi\\\/wp-content\\\/uploads\\\/2021\\\/10\\\/venla_aakko1karuselli1600.jpg\"},\"sameAs\":[\"https:\\\/\\\/www.facebook.com\\\/venla.aakko\",\"https:\\\/\\\/www.instagram.com\\\/venlaakko\\\/\",\"https:\\\/\\\/fi.linkedin.com\\\/in\\\/venla-aakko-43588582\"]}]}<\/script>\n<!-- \/ Yoast SEO plugin. -->","yoast_head_json":{"title":"Press releases - Venla Aakko","robots":{"index":"index","follow":"follow","max-snippet":"max-snippet:-1","max-image-preview":"max-image-preview:large","max-video-preview":"max-video-preview:-1"},"canonical":"https:\/\/venlaaakko.fi\/en\/tiedotteet\/","og_locale":"en_US","og_type":"article","og_title":"Press releases - Venla Aakko","og_description":"Ei uusia tiedotteita t\u00e4ll\u00e4 hetkell\u00e4. &nbsp; Palkitun Kaikki synnit -sarjan toinen kausi tulossa my\u00f6s elokuvateattereihin 22.10.2020 &nbsp; Writers Merja Aakko and Mika Ronkainen win the 2019 Nordisk Film &amp; TV Fond Prize for ALL THE SINS &nbsp; Elisa Viihteen uusi alkuper\u00e4issarja Kaikki synnit valittiin Pohjoismaiden t\u00e4rkeimm\u00e4n elokuvafestivaalin kilpasarjaan Suomen ehdokkaana &nbsp; Kaikki synnit -menestyssarja saa [&hellip;]","og_url":"https:\/\/venlaaakko.fi\/tiedotteet\/","og_site_name":"Venla Aakko","article_publisher":"https:\/\/www.facebook.com\/venla.aakko","article_modified_time":"2021-11-12T08:10:44+00:00","twitter_card":"summary_large_image","schema":{"@context":"https:\/\/schema.org","@graph":[{"@type":"WebPage","@id":"https:\/\/venlaaakko.fi\/tiedotteet\/","url":"https:\/\/venlaaakko.fi\/tiedotteet\/","name":"Press releases - Venla Aakko","isPartOf":{"@id":"https:\/\/venlaaakko.fi\/#website"},"datePublished":"2021-10-12T18:14:16+00:00","dateModified":"2021-11-12T08:10:44+00:00","breadcrumb":{"@id":"https:\/\/venlaaakko.fi\/tiedotteet\/#breadcrumb"},"inLanguage":"en-US","potentialAction":[{"@type":"ReadAction","target":["https:\/\/venlaaakko.fi\/tiedotteet\/"]}]},{"@type":"BreadcrumbList","@id":"https:\/\/venlaaakko.fi\/tiedotteet\/#breadcrumb","itemListElement":[{"@type":"ListItem","position":1,"name":"Etusivu","item":"https:\/\/venlaaakko.fi\/"},{"@type":"ListItem","position":2,"name":"Tiedotteet"}]},{"@type":"WebSite","@id":"https:\/\/venlaaakko.fi\/#website","url":"https:\/\/venlaaakko.fi\/","name":"Venla Aakko","description":"K\u00e4sikirjoittaja","publisher":{"@id":"https:\/\/venlaaakko.fi\/#\/schema\/person\/4a4ccc23ac20c2431c074b994c0b464c"},"potentialAction":[{"@type":"SearchAction","target":{"@type":"EntryPoint","urlTemplate":"https:\/\/venlaaakko.fi\/?s={search_term_string}"},"query-input":{"@type":"PropertyValueSpecification","valueRequired":true,"valueName":"search_term_string"}}],"inLanguage":"en-US"},{"@type":["Person","Organization"],"@id":"https:\/\/venlaaakko.fi\/#\/schema\/person\/4a4ccc23ac20c2431c074b994c0b464c","name":"Venla Aakko","image":{"@type":"ImageObject","inLanguage":"en-US","@id":"http:\/\/venlaaakko.fi\/wp-content\/uploads\/2021\/10\/venla_aakko1karuselli1600.jpg","url":"http:\/\/venlaaakko.fi\/wp-content\/uploads\/2021\/10\/venla_aakko1karuselli1600.jpg","contentUrl":"http:\/\/venlaaakko.fi\/wp-content\/uploads\/2021\/10\/venla_aakko1karuselli1600.jpg","width":1600,"height":900,"caption":"Venla Aakko"},"logo":{"@id":"http:\/\/venlaaakko.fi\/wp-content\/uploads\/2021\/10\/venla_aakko1karuselli1600.jpg"},"sameAs":["https:\/\/www.facebook.com\/venla.aakko","https:\/\/www.instagram.com\/venlaakko\/","https:\/\/fi.linkedin.com\/in\/venla-aakko-43588582"]}]}},"_links":{"self":[{"href":"https:\/\/venlaaakko.fi\/en\/wp-json\/wp\/v2\/pages\/58","targetHints":{"allow":["GET"]}}],"collection":[{"href":"https:\/\/venlaaakko.fi\/en\/wp-json\/wp\/v2\/pages"}],"about":[{"href":"https:\/\/venlaaakko.fi\/en\/wp-json\/wp\/v2\/types\/page"}],"author":[{"embeddable":true,"href":"https:\/\/venlaaakko.fi\/en\/wp-json\/wp\/v2\/users\/2"}],"replies":[{"embeddable":true,"href":"https:\/\/venlaaakko.fi\/en\/wp-json\/wp\/v2\/comments?post=58"}],"version-history":[{"count":12,"href":"https:\/\/venlaaakko.fi\/en\/wp-json\/wp\/v2\/pages\/58\/revisions"}],"predecessor-version":[{"id":594,"href":"https:\/\/venlaaakko.fi\/en\/wp-json\/wp\/v2\/pages\/58\/revisions\/594"}],"wp:attachment":[{"href":"https:\/\/venlaaakko.fi\/en\/wp-json\/wp\/v2\/media?parent=58"}],"curies":[{"name":"wp","href":"https:\/\/api.w.org\/{rel}","templated":true}]}}

<p>Ei uusia tiedotteita tällä hetkellä.</p>

<p>&nbsp;</p>

<p><br /><a href="https://www.epressi.com/tiedotteet/kulttuuri-ja-taide/palkitun-kaikki-synnit-sarjan-toinen-kausi-tulossa-myos-elokuvateattereihin-22.10.2020.html" data-type="URL" data-id="https://www.epressi.com/tiedotteet/kulttuuri-ja-taide/palkitun-kaikki-synnit-sarjan-toinen-kausi-tulossa-myos-elokuvateattereihin-22.10.2020.html">Palkitun Kaikki synnit -sarjan toinen kausi </a><a href="https://www.epressi.com/tiedotteet/kulttuuri-ja-taide/palkitun-kaikki-synnit-sarjan-toinen-kausi-tulossa-myos-elokuvateattereihin-22.10.2020.html" target="_blank" rel="noreferrer noopener" data-type="URL" data-id="https://www.epressi.com/tiedotteet/kulttuuri-ja-taide/palkitun-kaikki-synnit-sarjan-toinen-kausi-tulossa-myos-elokuvateattereihin-22.10.2020.html">tulossa</a><a href="https://www.epressi.com/tiedotteet/kulttuuri-ja-taide/palkitun-kaikki-synnit-sarjan-toinen-kausi-tulossa-myos-elokuvateattereihin-22.10.2020.html" data-type="URL" data-id="https://www.epressi.com/tiedotteet/kulttuuri-ja-taide/palkitun-kaikki-synnit-sarjan-toinen-kausi-tulossa-myos-elokuvateattereihin-22.10.2020.html"> myös elokuvateattereihin 22.10.2020</a></p>

<p>&nbsp;</p>

<p><br /><a href="https://cdn.nordiskfilmogtvfond.com/assets/press/Nordisk-Film-TV-Fond-Prize-2019-Winners-announced.pdf" target="_blank" rel="noreferrer noopener" data-type="URL" data-id="https://cdn.nordiskfilmogtvfond.com/assets/press/Nordisk-Film-TV-Fond-Prize-2019-Winners-announced.pdf">Writers Merja Aakko and Mika Ronkainen win the 2019 Nordisk</a> <a href="https://cdn.nordiskfilmogtvfond.com/assets/press/Nordisk-Film-TV-Fond-Prize-2019-Winners-announced.pdf" target="_blank" rel="noreferrer noopener" data-type="URL" data-id="https://cdn.nordiskfilmogtvfond.com/assets/press/Nordisk-Film-TV-Fond-Prize-2019-Winners-announced.pdf">Film &amp; TV Fond Prize for ALL THE SINS</a></p>

<p>&nbsp;</p>

<p><a href="https://www.epressi.com/tiedotteet/telekommunikaatio/elisa-viihteen-uusi-alkuperaissarja-kaikki-synnit-valittiin-pohjoismaiden-tarkeimman-elokuvafestivaalin-kilpasarjaan-suomen-ehdokkaana.html" target="_blank" rel="noreferrer noopener" data-type="URL" data-id="https://www.epressi.com/tiedotteet/telekommunikaatio/elisa-viihteen-uusi-alkuperaissarja-kaikki-synnit-valittiin-pohjoismaiden-tarkeimman-elokuvafestivaalin-kilpasarjaan-suomen-ehdokkaana.html">Elisa Viihteen uusi alkuperäissarja Kaikki synnit valittiin Pohjoismaiden tärkeimmän elokuvafestivaalin kilpasarjaan Suomen ehdokkaana </a></p>

<p>&nbsp;</p>

<p><br /><a href="http://mesta.net/kaikki-synnit-menestyssarja-saa-kolmannen-kauden-kuvaukset-alkavat-heinakuussa/" target="_blank" rel="noreferrer noopener" data-type="URL" data-id="http://mesta.net/kaikki-synnit-menestyssarja-saa-kolmannen-kauden-kuvaukset-alkavat-heinakuussa/">Kaikki synnit -menestyssarja saa kolmannen kauden – kuvaukset alkavat heinäkuussa Oulun seudulla </a></p>

<p>&nbsp;</p>

<p>&nbsp;</p>

<p>Ei uusia tiedotteita tällä hetkellä. &nbsp; Palkitun Kaikki synnit -sarjan toinen kausi tulossa myös elokuvateattereihin 22.10.2020 &nbsp; Writers Merja Aakko and Mika Ronkainen win the 2019 Nordisk Film &amp; TV Fond Prize for ALL THE SINS &nbsp; Elisa Viihteen uusi alkuperäissarja Kaikki synnit valittiin Pohjoismaiden tärkeimmän elokuvafestivaalin kilpasarjaan Suomen ehdokkaana &nbsp; Kaikki synnit -menestyssarja saa [&hellip;]</p>

<!-- This site is optimized with the Yoast SEO plugin v27.5 - https://yoast.com/product/yoast-seo-wordpress/ -->
<title>Press releases - Venla Aakko</title>
<meta name="robots" content="index, follow, max-snippet:-1, max-image-preview:large, max-video-preview:-1" />
<link rel="canonical" href="https://venlaaakko.fi/en/tiedotteet/" />
<meta property="og:locale" content="en_US" />
<meta property="og:type" content="article" />
<meta property="og:title" content="Press releases - Venla Aakko" />
<meta property="og:description" content="Ei uusia tiedotteita tällä hetkellä. &nbsp; Palkitun Kaikki synnit -sarjan toinen kausi tulossa myös elokuvateattereihin 22.10.2020 &nbsp; Writers Merja Aakko and Mika Ronkainen win the 2019 Nordisk Film &amp; TV Fond Prize for ALL THE SINS &nbsp; Elisa Viihteen uusi alkuperäissarja Kaikki synnit valittiin Pohjoismaiden tärkeimmän elokuvafestivaalin kilpasarjaan Suomen ehdokkaana &nbsp; Kaikki synnit -menestyssarja saa [&hellip;]" />
<meta property="og:url" content="https://venlaaakko.fi/tiedotteet/" />
<meta property="og:site_name" content="Venla Aakko" />
<meta property="article:publisher" content="https://www.facebook.com/venla.aakko" />
<meta property="article:modified_time" content="2021-11-12T08:10:44+00:00" />
<meta name="twitter:card" content="summary_large_image" />
<script type="application/ld+json" class="yoast-schema-graph">{"@context":"https:\/\/schema.org","@graph":[{"@type":"WebPage","@id":"https:\/\/venlaaakko.fi\/tiedotteet\/","url":"https:\/\/venlaaakko.fi\/tiedotteet\/","name":"Press releases - Venla Aakko","isPartOf":{"@id":"https:\/\/venlaaakko.fi\/#website"},"datePublished":"2021-10-12T18:14:16+00:00","dateModified":"2021-11-12T08:10:44+00:00","breadcrumb":{"@id":"https:\/\/venlaaakko.fi\/tiedotteet\/#breadcrumb"},"inLanguage":"en-US","potentialAction":[{"@type":"ReadAction","target":["https:\/\/venlaaakko.fi\/tiedotteet\/"]}]},{"@type":"BreadcrumbList","@id":"https:\/\/venlaaakko.fi\/tiedotteet\/#breadcrumb","itemListElement":[{"@type":"ListItem","position":1,"name":"Etusivu","item":"https:\/\/venlaaakko.fi\/"},{"@type":"ListItem","position":2,"name":"Tiedotteet"}]},{"@type":"WebSite","@id":"https:\/\/venlaaakko.fi\/#website","url":"https:\/\/venlaaakko.fi\/","name":"Venla Aakko","description":"Käsikirjoittaja","publisher":{"@id":"https:\/\/venlaaakko.fi\/#\/schema\/person\/4a4ccc23ac20c2431c074b994c0b464c"},"potentialAction":[{"@type":"SearchAction","target":{"@type":"EntryPoint","urlTemplate":"https:\/\/venlaaakko.fi\/?s={search_term_string}"},"query-input":{"@type":"PropertyValueSpecification","valueRequired":true,"valueName":"search_term_string"}}],"inLanguage":"en-US"},{"@type":["Person","Organization"],"@id":"https:\/\/venlaaakko.fi\/#\/schema\/person\/4a4ccc23ac20c2431c074b994c0b464c","name":"Venla Aakko","image":{"@type":"ImageObject","inLanguage":"en-US","@id":"http:\/\/venlaaakko.fi\/wp-content\/uploads\/2021\/10\/venla_aakko1karuselli1600.jpg","url":"http:\/\/venlaaakko.fi\/wp-content\/uploads\/2021\/10\/venla_aakko1karuselli1600.jpg","contentUrl":"http:\/\/venlaaakko.fi\/wp-content\/uploads\/2021\/10\/venla_aakko1karuselli1600.jpg","width":1600,"height":900,"caption":"Venla Aakko"},"logo":{"@id":"http:\/\/venlaaakko.fi\/wp-content\/uploads\/2021\/10\/venla_aakko1karuselli1600.jpg"},"sameAs":["https:\/\/www.facebook.com\/venla.aakko","https:\/\/www.instagram.com\/venlaakko\/","https:\/\/fi.linkedin.com\/in\/venla-aakko-43588582"]}]}</script>
<!-- / Yoast SEO plugin. -->

Ei uusia tiedotteita tällä hetkellä. &nbsp; Palkitun Kaikki synnit -sarjan toinen kausi tulossa myös elokuvateattereihin 22.10.2020 &nbsp; Writers Merja Aakko and Mika Ronkainen win the 2019 Nordisk Film &amp; TV Fond Prize for ALL THE SINS &nbsp; Elisa Viihteen uusi alkuperäissarja Kaikki synnit valittiin Pohjoismaiden tärkeimmän elokuvafestivaalin kilpasarjaan Suomen ehdokkaana &nbsp; Kaikki synnit -menestyssarja saa [&hellip;]

Käsikirjoittaja
